late the remainder when 99 is divided by c(0).
24
Let x(y) = y**3 + 6*y**2 + 3*y + 24. Calculate the remainder when 597 is divided by x(-6).
3
Suppose -h + 128 = q, 0 = -3*q - h - 156 + 536. Calculate the remainder when q is divided by (3 - 4)/((1 - 0)/(-38)).
12
Suppose 0 = -1344*w + 1342*w + 220. Let o be 3/(-3 + (-621)/(-210)). Let v = o + w. What is the remainder when 79 is divided by v?
39
Suppose 0*w = 5*w + s - 537, -5*s = -3*w + 339. Let p(u) = 3245*u + 149317. Calculate the remainder when w is divided by p(-46).
14
Let b be 22 + (-3 - 10/(-4 - 1)). Suppose -16*o = -b*o + 535. What is the remainder when o is divided by 31?
14
Suppose -5 = d + 10*c - 5*c, 4*c = 2*d - 88. Calculate the remainder when 449 is divided by d.
29
Suppose 0 = -5*b - 2*g + 190, -76 = 83*b - 85*b + 3*g. What is the remainder when 1935 is divided by b?
35
Suppose 4*a - 1358 - 202 = 4*i, 0 = -3*i - a - 1182. Let m = i - -436. Suppose -2*o + 55 = 3*o. Calculate the remainder when m is divided by o.
10
Suppose -3*o - 2*r = -189 - 962, -2*o + 4*r + 794 = 0. What is the remainder when o is divided by 31?
15
Let f = 356 + -1482. Let r = f + 1162. Let t = 43 - 23. Calculate the remainder when r is divided by t.
16
Let k(c) = -32*c - 226. What is the remainder when 670 is divided by k(-10)?
12
Let w(r) = -155*r**2 - 982*r - 153. Suppose 87 = 2*z + t + 4*t, -z - t + 48 = 0. Calculate the remainder when w(-6) is divided by z.
6
Let p = -5 - -34. Let z(q) = 12*q - 7. Let o be z(1). Suppose 4*f - 2*j = 62, f + 8*j = o*j + 19. What is the remainder when p is divided by f?
13
Suppose -61 = -5*u + 64. Let f = u - -118. Let q(m) = m**2 + 2*m + 29. Calculate the remainder when f is divided by q(0).
27
Let o = -701 + 945. Calculate the remainder when o is divided by 88.
68
Let u = 60 - -95. Suppose -u*i = -147*i - 288. What is the remainder when i is divided by 14?
8
Suppose -264*m - 61*m = -974350. Calculate the remainder when m is divided by 100.
98
Suppose -348*j - 582*j + 21480 = 502*j. Suppose 9 - 183 = -3*o + q, o = -4*q + 45. What is the remainder when o is divided by j?
12
What is the remainder when 208/4 - 6/(1 + 1) is divided by 12 - ((-268)/(-737))/(2/11)?
9
Let y be (-48)/(-22) + (-42)/231. What is the remainder when 10*(4 - 15/6) is divided by (-6 - -11)*(y + -1)?
0
Suppose 0 = -403*k + 402*k + 554. Calculate the remainder when k is divided by 10.
4
Let d(o) = 2*o**2 + 22*o + 66. Let b be d(-3). What is the remainder when 32 is divided by b/(-3) - 105/(-7)?
5
Let t(z) = 3*z + 28. Let o be t(-4). Let j = o - 9. Calculate the remainder when 50/3 - 2/(-6) is divided by j.
3
Let a(f) be the third derivative of 0 - 1/120*f**6 - 10/3*f**3 + 1/8*f**4 + 39*f**2 + 1/5*f**5 + 0*f. What is the remainder when 46 is divided by a(12)?
14
Suppose 0 = 3*z + 4*m - 776, -2*z = -2*m - m - 506. Suppose 0 = 6*a - 242 - z. Calculate the remainder when a is divided by 42.
41
Let y = 28 + -26. Calculate the remainder when 0/y + 49 - (-140)/(-28) is divided by 7.
2
Let s = 11 + 10. Calculate the remainder when 12 + (-8)/((-72)/585) is divided by s.
14
Let o(a) = 53*a**2. Let n be o(1). Let d be (-4380)/(-72) + 3/18. Let m = d - n. What is the remainder when 31 is divided by m?
7
Suppose -37*y - 55*y = 8*y - 1500. Let t = 132 + -57. Suppose -195 = -5*h + t. What is the remainder when h is divided by y?
9
Let h(z) = -61*z - 278. Let f be h(-5). Suppose -f*b = 126 - 1341. Suppose -v + 4*t - 2 = -1, 0 = -2*v - 5*t + 63. What is the remainder when b is divided by v?
7
Suppose -11*w + 464 = 2*p - 9*w, -4*p + 883 = -5*w. What is the remainder when 433 is divided by p?
206
Let s(t) = 243*t + 816. Calculate the remainder when 731 is divided by s(-3).
35
Suppose -5 = -4*v - 9, a + 2*v = 7. What is the remainder when 103 is divided by a?
4
Let x be 126/(-35)*10/(-3). Suppose p - x + 10 = 0. Suppose -2*s + 286 = s - i, -p*i - 380 = -4*s. Calculate the remainder when s is divided by 33.
30
Let s = -428 + 560. Suppose 7*k - s = -5*k. What is the remainder when 186 is divided by k?
10
Let m = -63 - -98. Suppose 39*u = 44*u - m. Suppose 347 = b + 330. What is the remainder when b is divided by u?
3
Suppose -8*t + 19*t = -88. Let r(w) = -w**3 - 9*w**2 - 8*w + 16. Calculate the remainder when 51 is divided by r(t).
3
Suppose 9*m - 13*m + 32 = j, 78 = 2*j + m. Calculate the remainder when j - (-6 + 7 + -5) is divided by 6.
2
Let s = 215 - 151. Let i = -44 - -52. Let f(t) = 2*t**2 - 12*t + 1. Calculate the remainder when s is divided by f(i).
31
Let j(q) = q**3 - 3*q**2 - 3*q + 2. Let v be j(5). Let m = -32 + v. Let u(g) = g**2 - 2*g - 9. What is the remainder when 9 is divided by u(m)?
3
Suppose -4*y - 22 = -30. Calculate the remainder when 13/2*12/2 is divided by (10/4)/(-3 - (-7)/y).
4
Suppose -111 = 4*n - 667. Let d = -398 + 351. What is the remainder when n is divided by d/(((-2)/(-10))/(18/(-90)))?
45
What is the remainder when 481 is divided by (-199 - -192)*(-124)/14?
47
Suppose 10*u - 29*u + 4366 = 40*u. Calculate the remainder when 397 is divided by u.
27
Suppose 2*i = 4*p + 994, -i + 5*p + 501 = 7*p. Suppose 2868 = i*c - 493*c. Calculate the remainder when c is divided by 48.
46
Let p(t) = t + 22. Let b be p(-17). Suppose 3*d = -b*g + 32, -2*g = 2*d - g - 19. What is the remainder when 34 is divided by d?
7
What is the remainder when 455 is divided by (-49)/(-35)*55/(-4)*-4?
70
Let l = -27 - -46. Let y(r) = r**3 - 70*r**2 + 131*r + 350. What is the remainder when l is divided by y(68)?
9
Let h be (2808/130)/((-2)/(-10)). Suppose 9*z = 54 + h. Let o(c) = -10*c - 2. Calculate the remainder when o(-9) is divided by z.
16
Let i(w) = 13*w + 83. Let h be i(-7). What is the remainder when 25 is divided by 63/(-54)*(h - -2)?
4
Suppose -3*m + 113 = 4*z, -3*z + 87 = 3*m - 0*m. Let w(c) = -9*c + 94. Let y be w(16). Calculate the remainder when -1*1 - (y - 51) is divided by z.
22
Let s = 34940 + -34871. Suppose 2*i - 10 = i. Calculate the remainder when s is divided by i.
9
Let d be 6*((-64)/(-12) + -6). Let v(i) = i**3 + 4*i**2 - 7*i - 6. What is the remainder when 262 is divided by v(d)?
20
Suppose 5*j - 5*x = 1030, 5*j - 675 = 3*x + 335. Calculate the remainder when j is divided by (-2)/9 + (-236)/(-9).
14
Let v = -8073 - -8084. Let m(x) be the first derivative of x**2/2 + 39*x + 3. What is the remainder when m(0) is divided by v?
6
Suppose -4*i - 2*h + 1278 = 0, 337 = i - 0*i + 4*h. Let m = -174 + i. Calculate the remainder when m is divided by 29.
27
Let x = -12651 - -12799. What is the remainder when x is divided by 39?
31
Let q = -14 - -19. Suppose -2*r - q*b + 52 = 0, 0 = 4*r + 4*b + 78 - 206. Let c = 83 - r. What is the remainder when c is divided by 10?
7
Suppose -2*t + 283 = 3*i, -151*i + 6 = -153*i. What is the remainder when 580 is divided by t?
142
Suppose -3191 = 21*w + 1681. Let o = w - -275. What is the remainder when o is divided by 28?
15
Suppose 0 = -3*c + 4*a + 276, 31*c - 1956 = 7*c + 4*a. What is the remainder when c is divided by 2/(2 + (-160)/82)?
39
Let u be (-73185)/(-164) + 3/4. Suppose 6*i - u = -15. What is the remainder when i is divided by 37?
35
Let g = -8808 + 13221. Calculate the remainder when g is divided by 23.
20
Let c = 15584 - 15434. What is the remainder when c is divided by 123?
27
Suppose 9*a = -20*a + 696. Calculate the remainder when 177/6*16/4 is divided by a.
22
Let u be (-2)/3*6*2/8. What is the remainder when 193 is divided by -1*1 - (32 + -2)/u?
19
Let u = 11179 - 11163. What is the remainder when 20191 is divided by u?
15
Suppose 7*j - 5*j = 3*g - 11, -2*g - 4*j = -18. Suppose 125 = g*x + 5*l, 5*x + l + 21 = 158. Calculate the remainder when 82 is divided by x.
26
Let m(w) be the third derivative of 1/24*w**4 + 0*w - 2*w**2 + 1/20*w**5 + 0 + 5/6*w**3. What is the remainder when m(5) is divided by 8?
5
Suppose -39 = -o + 2*h, -2*h = -0*h. What is the remainder when (108/60 - 3)/((-3)/1360) is divided by o?
37
Let i(d) = 36*d + 975. What is the remainder when i(-5) is divided by 20?
15
Let u be 27/(-2 - (-75)/42). Calculate the remainder when (-13)/(455/u)*(1 - -29) is divided by 22.
20
Suppose 735 = -10*u + 3325. Let i = u + -215. What is the remainder when 92 is divided by i?
4
Suppose -169*g + 2667 + 4262 = 0. Calculate the remainder when 1038 is divided by